base 3
111020212210
1023232210 (base 5) to base 7
24254010
What is -b060a (base 14) in base 4?
-1213131102
Convert -122001121120 (base 3) to base 4.
-1101332223
Convert -532c5 (base 16) to base 8.
-1231305
8814 (base 15) to base 10
28819
What is -140431043 (base 5) in base 12?
-2a7380
What is -41748 (base 9) in base 3?
-1101211122
Convert 956c4 (base 13) to base 8.
1015630
Convert -127344 (base 8) to base 15.
-d3ec
ad4534 (base 14) to base 4
112131321302
Convert -25cef (base 16) to base 6.
-3152543
Convert -220233213 (base 4) to base 7.
-1263360
12056021 (base 7) to base 12
438a9b
What is -2a6287 (base 12) in base 10?
-715783
155264 (base 7) to base 16
77cf
47293 (base 15) to base 3
102111222210
What is 1300446 (base 8) in base 5?
43020432
-170b37 (base 13) to base 9
-1063155
4145205 (base 7) to base 15
9cc00
Convert 100110011000110100101 (base 2) to base 3.
2100220111122
What is 47e5 (base 15) in base 5?
442130
-400020143 (base 5) to base 6
-53303450
Convert ba577 (base 15) to base 9.
1101784
-114111 (base 6) to base 2
-10011011111011
1111001100011001010110 (base 2) to base 10
3982934
What is -644055 (base 10) in base 7?
-5321466
-1220231311 (base 4) to base 10
-428917
What is -5347255 (base 8) in base 14?
-292b93
13c4cc6 (base 13) to base 8
30005576
44ce (base 16) to base 12
a23a
Convert -46270 (base 11) to base 7.
-365645
Convert -1e15a (base 16) to base 8.
-360532
Convert -200231332133 (base 4) to base 16.
-82df9f
What is 525713 (base 12) in base 4?
10330032333
Convert 13120203 (base 6) to base 9.
725283
Convert 124233302 (base 5) to base 10.
617952
Convert -12112121200001 (base 3) to base 12.
-ba029a
Convert 281653 (base 10) to base 12.
116bb1
What is 476527 (base 10) in base 16?
7456f
What is -100311232 (base 4) in base 9?
-114547
-12404523 (base 6) to base 10
-405411
611485 (base 9) to base 14
95cc1
What is 1012848 (base 9) in base 5?
114241102
What is -7438164 (base 10) in base 4?
-130113331110
-78417 (base 10) to base 6
-1403013
cd9 (base 15) to base 12
1820
What is 218a77 (base 11) in base 12?
149951
Convert -104911 (base 13) to base 7.
-3146404
What is -12005105 (base 6) in base 9?
-630475
Convert 51b52 (base 12) to base 10.
107054
Convert 152578 (base 9) to base 3.
11202122122
What is 110002121211022 (base 3) in base 9?
13077738
286839 (base 12) to base 5
133100432
Convert -60963 (base 10) to base 15.
-130e3
Convert -100d03 (base 15) to base 11.
-480803
What is -25187 (base 15) in base 14?
-31269
What is -101001011100111101010 (base 2) in base 16?
-14b9ea
-9607a4 (base 12) to base 10
-2365036
Convert 10123103 (base 6) to base 7.
2321241
Convert -188054 (base 12) to base 6.
-13104144
What is -12001020202 (base 3) in base 7?
-562403
Convert 244652334 (base 7) to base 2.
111010110001101111001011
What is -53350330 (base 6) in base 15?
-2100dc
Convert d9a5 (base 16) to base 6.
1105541
What is -179d2b (base 14) in base 6?
-25513111
Convert 6a83 (base 13) to base 8.
35203
What is -13951c8 (base 14) in base 11?
-540069a
11110010000100000 (base 2) to base 11
8512a
Convert -55aaaa9 (base 11) to base 3.
-200111010010220
Convert -2aa731a (base 12) to base 11.
-499961a
What is -57a64c (base 13) in base 14?
-3c1b56
Convert 2575c (base 14) to base 12.
452b2
Convert a0d6b (base 15) to base 14.
d384c
-116388 (base 11) to base 14
-4b169
6407a (base 11) to base 15
1c972
-1001010211001 (base 3) to base 7
-4464613
Convert 744120 (base 8) to base 4.
330201100
-771a239 (base 11) to base 7
-223141244
-116042004 (base 7) to base 6
-420321140
What is -185658 (base 11) in base 6?
-10042155
Convert 10100100111010100110100 (base 2) to base 15.
71b28b
-3874b9 (base 12) to base 4
-3201320031
Convert 16025006 (base 8) to base 6.
210520342
Convert -34454522 (base 6) to base 13.
-2b3a2a
What is 1220220020 (base 3) in base 14?
db05
What is -1101010001100100010 (base 2) in base 13?
-122cab
Convert b2076 (base 15) to base 10.
563736
Convert 133300200 (base 4) to base 2.
11111110000100000
What is 7302468 (base 9) in base 6?
215323142
2376121 (base 8) to base 14
1306c1
935105 (base 10) to base 8
3442301
515446 (base 7) to base 9
144211
Convert 6643676 (base 10) to base 14.
c4d244
What is 3323040011 (base 5) in base 13?
1664ca2
-601724 (base 13) to base 12
-8b7228
-100100010001100111000 (base 2) to base 3
-2020101112121
Convert 13302100214 (base 5) to base 4.
1000031031031
Convert -163790 (base 11) to base 8.
-757614
-1001011111110010100111 (base 2) to base 3
-11200110222010
-2161016 (base 9) to base 13
-318bca
What is -2489c3 (base 13) in base 15?
-1248ab
342166 (base 8) to base 15
244c0
What is -415453 (base 10) in base 8?
-1453335
Convert -12a60a (base 11) to base 15.
-40854
-1372653 (base 8) to base 13
-108a0c
Convert 1000000111110110000111 (base 2) to base 13.
597244
Convert -1bca4 (base 15) to base 14.
-2503a
-1144204 (base 5) to base 14
-7d36
-38060 (base 11) to base 15
-112c7
Convert -1002002112020 (base 3) to base 11.
-361270
Convert 34268 (base 13) to base 14.
26823
Convert 1125503 (base 6) to base 4.
32032233
Convert -13104401 (base 5) to base 2.
-11111011011010110
21021020012 (base 3) to base 2
100010111011001011
Convert -404341 (base 11) to base 15.
-cc891
What is 90ad5 (base 15) in base 10?
458075
-12210020122 (base 3) to base 12
-55abb
What is 31541 (base 15) in base 16?
26314
What is 456d15 (base 14) in base 16?
240c27
10112120022 (base 3) to base 15
15998
What is 3632a8 (base 11) in base 14?
10d968
What is -91899 (base 12) in base 13?
-68403
What is -72897 (base 10) in base 13?
-27246
Convert -1100010010 (base 3) to base 16.
-66d8
What is -1650764 (base 9) in base 12?
-383b11
What is -25002 (base 14) in base 9?
-147185
What is 1011101110000111111000 (base 2) in base 13?
837666
What is 1011100111101100001 (base 2) in base 3?
201100022120
What is 21203322 (base 5) in base 4?
223212123
What is -83287 (base 12) in base 4?
-221313013
14442202 (base 5) to base 8
460427
Convert 323512530 (base 6) to base 12.
1b28746
What is -12cb34 (base 15) in base 12?
-376b41
Convert 1110332 (base 5) to base 4.
10300023
52a829a (base 11) to base 5
4342243231
-3b4657a (base 12) to base 16
-b3e3ae
1010100101000111101 (base 2) to base 4
1110220331
aa781 (base 12) to base 9
373587
What is -156145201 (base 7) in base 16?
-a1ff3b
Convert -57798 (base 13) to base 6.
-3230220
What is 102130302333 (base 4) in base 11?
2803848
What is -47006 (base 8) in base 5?
-1114344
Convert 10012201002 (base 3) to base 10.
63209
Convert -56a23 (base 11) to base 12.
-3b84a
What is 626180 (base 10) in base 4?
2120320010
-42012042 (base 5) to base 12
-147547
What is 3054433 (base 8) in base 16?
c591b
What is -a24214 (base 12) in base 10?
-2537008
Convert 1372043 (base 9) to base 6.
24112020
1614730 (base 11) to base 4
22201200320
-27af7 (base 16) to base 15
-3326b
-42061564 (base 7) to base 6
-203545434
Convert 21101303231 (base 4) to base 6.
124044205
5b113 (base 14) to base 6
4433553
What is -220111202211 (base 3) in base 6?
-14201251
What is 80a41 (base 11) in base 2?
11100111001101111
Convert 30240132 (base 6) to base 11.
538644
What is -3305230 (base 7) in base 6?
-12403534
What is 1102300 (base 6) in base 9?
83360
What is -101000011100010100 (base 2) in base 16?
-28714
Convert -101100011000100000100011 (base 2) to base 7.
-200615322
1912887 (base 10) to base 9
3534880
What is 10001111011000001 (base 2) in base 15?
16b3e
Convert 2135234 (base 6) to base 4.
121322212
What is 1013332301 (base 4) in base 2?
1000111111110110001
-10110101010011101 (base 2) to base 11
-63820
-13890dc (base 14) to base 10
-9475226
247417 (base 10) to base 15
4d497
What is 21253510 (base 6) in base 2?
10011001101010010010
-3677551 (base 9) to base 2
-111101000010011100010
390445 (base 11) to base 10
615455
120420 (base 8) to base 15
c33c
Convert 3364678 (base 9) to base 13.
4b6a73
What is -3212003301 (base 5) in base 9?
-13627781
Convert 22101312111 (base 4) to base 12.
a9b419
What is 4261567 (base 10) in base 3?
22000111202211
Convert -75616 (base 11) to base 5.
-12004020
What is -104424331 (base 5) in base 11?
-29a23a
Convert 4888117 (base 9) to base 12.
a81451
Convert 330310231 (base 4) to base 6.
5201221
What is -55502 (base 8) in base 4?
-11231002
Convert 3672460 (base 8) to base 5.
224404130
Convert -50025 (ba